prime factors of ((-22)/h)/((-6)/9)?
11
Let j(i) = -2*i - 5 + 1 + 2. Let r be j(-2). Suppose 0 = -3*s - 3*a + 21, -5*s + 3*a - r = -13. What are the prime factors of s?
2
Suppose 0 = -9*k + 7*k + 28. List the prime factors of k.
2, 7
Suppose -6*j = -2*j. Let w be 3 + (1 + 1 - j). Suppose 0*q + 46 = w*m + 4*q, -5*m - 3*q = -47. What are the prime factors of m?
2, 5
Suppose 0 = -r - 3*l + 52, 5*r - l - 118 = 3*r. Let z = r - 34. List the prime factors of z.
2, 3
Let x(q) = 2*q**2 - 7*q - 1. List the prime factors of x(5).
2, 7
Suppose 2*h = 7*h - 10. Let r(s) = s**2 - s - 9. Let a be r(4). What are the prime factors of 10 - (a + (-2)/h)?
2
Let f be 0 - 0 - (-2 - -2). Suppose f = 4*v - 3*v - 4. List the prime factors of (-15)/(-3) - (v - 2).
3
Let v = 28 - -21. What are the prime factors of v?
7
Let z = -10 - 1. Let h = z - -18. List the prime factors of h.
7
Let l(p) = 20*p**3 + 1. Let b(m) = -9 + 0*m**3 + m**3 - 2*m**3 + 11*m + 9*m**2. Let x be b(10). What are the prime factors of l(x)?
3, 7
Suppose -s + 2*s + 5*m = 24, 5*s = 2*m + 39. What are the prime factors of s?
3
Suppose 5*h = 6 - 16. Let k(y) be the second derivative of -y**3/3 + y**2/2 - 4*y. What are the prime factors of k(h)?
5
Let p(o) = -o**2 + 7*o. Let c be (2/(-3))/((-4)/54). Let z = -5 + c. List the prime factors of p(z).
2, 3
Suppose 2*l = 3*l - 2. Let t be 2*4/(16/28). Suppose z + t = l*z. List the prime factors of z.
2, 7
Suppose -5*a + 5*g + 320 = 0, -g + 5*g - 146 = -2*a. List the prime factors of a.
67
Suppose 0*s + 4*s - 244 = 0. List the prime factors of s.
61
Let q(y) = y**3 - 8*y**2 + 7*y + 2. Let k be q(7). Suppose -k*i + 32 = 3*b - 7*i, 4*i + 40 = 4*b. What are the prime factors of b?
3
Let w(m) = -m**3 - 10*m**2 - 12*m - 12. Let k = -7 - -18. Let q = -20 + k. List the prime factors of w(q).
3, 5
Let t(j) = j**3 - 2*j**2 - 3*j + 4. What are the prime factors of t(3)?
2
Let l = -7 - -15. Suppose 5*z - c - l = 6, -3*z = -2*c - 14. What are the prime factors of z?
2
Let q be 0 + (3 - -10 - 2). List the prime factors of 1*(-1)/(-1)*q.
11
Suppose 2*g = 7 - 1. Suppose g*b - 24 = 2*b. List the prime factors of b.
2, 3
Suppose p = -2*w - 2, 2*p = 3*p - 3*w - 3. Suppose 0*k - 2*k + 56 = p. What are the prime factors of k?
2, 7
Let u(c) = -8*c - 9. List the prime factors of u(-14).
103
Suppose -2*u - 6 = 0, -3*u = d + 8 + 2. List the prime factors of -1 + (1 - 15)/d.
13
Let y = 205 + -162. What are the prime factors of y?
43
List the prime factors of 6/(-9) - (-248)/3.
2, 41
Let h = 22 + -2. What are the prime factors of h?
2, 5
Let f = -3 - -7. Suppose 0 = f*d - 2*d. Suppose d = 3*y + 15, -a + 20 = -5*y - 14. What are the prime factors of a?
3
Let c(v) = -v**3 + 10*v**2 + 15*v + 10. What are the prime factors of c(11)?
2, 3
Suppose 2*a - 65 = -3*a. Let x = 15 + a. What are the prime factors of x?
2, 7
Let r be 8/44 - 53/(-11). Suppose -20 - 6 = -3*y + r*z, -5*z + 25 = 0. What are the prime factors of y?
17
Let q(f) = 5*f**3 + f**2 + f - 2. Let x(m) = 4*m**3 + m - 1. Let a(d) = -5*q(d) + 6*x(d). Let t be a(-5). List the prime factors of 2/(-2)*(-4 + t).
5
Let a be -1 + 3/3 + 10. What are the prime factors of 6/a + 62/5?
13
Let i(m) be the second derivative of m**5/20 - m**4/4 - 5*m**3/6 + 3*m**2 - 2*m. Let h be i(5). Suppose 4*z - 17 = h. List the prime factors of z.
2, 3
Suppose -l = 1, 5*x + 2*l - 173 = -0*x. What are the prime factors of x?
5, 7
Let n = 69 - -30. What are the prime factors of n?
3, 11
Let p(q) be the second derivative of q**3/3 + 3*q**2/2 - q. Suppose d - 1 + 2 = 5*g, -3*g = -5*d + 17. List the prime factors of p(d).
11
Let w(t) = -t**2 - t + 4. Let q(d) = -2*d + 1. Let y be q(-1). Suppose 0 = y*l + 2*l. What are the prime factors of w(l)?
2
Let x be (14 - -1)/(8/16). Let t = 52 - x. List the prime factors of t.
2, 11
Let k(q) be the second derivative of q**5/20 - q**4/4 - 2*q**3/3 - 3*q**2/2 - 3*q. Let r be k(4). What are the prime factors of 6*r*2/(-18)?
2
Let v(a) = -a**3 - 6*a**2 + 5. What are the prime factors of v(-6)?
5
Let u = 5 - -27. List the prime factors of u.
2
Let m(h) = -h**3 - 5*h**2 - 11*h - 5. Let f be m(-7). Suppose -f = -5*b + 5*z, 4*b - 4*z - 146 = -5*z. List the prime factors of b.
2, 3
Let y(f) = -3*f - 5. What are the prime factors of y(-12)?
31
Let z = -43 + 89. List the prime factors of z.
2, 23
Suppose t + 3*n = -12, -3*t + n + 20 = 2*t. Suppose -5*l + 60 = f - 0*f, 0 = -t*f - 15. What are the prime factors of l?
13
Let v = 13 - 13. What are the prime factors of v + 3/(-3) + 23?
2, 11
What are the prime factors of ((-2728)/(-24))/((-1)/(-3))?
11, 31
Suppose -2*o = -4*l - 2, -2*l + 3*o = -0*o + 7. Let u be (-1*6)/((-2)/l). Suppose -16 = -a - u*a. What are the prime factors of a?
2
Let d(v) = -v**2 - 8*v + 6. Let x be (-216)/30 + 1/5. What are the prime factors of d(x)?
13
Suppose 2*q = 53 + 45. List the prime factors of q.
7
Let r be ((-4)/2 - 1)*1. Let q = r + -2. Let d = -1 - q. What are the prime factors of d?
2
Let j(a) be the first derivative of 3*a**2/2 + 2. What are the prime factors of j(6)?
2, 3
Suppose 0 = -3*r + r - z + 3, 3*r - 22 = -5*z. Let t be 87/4 + r/(-4). Suppose -4*y - 2*c + 5*c = -43, y - t = -3*c. List the prime factors of y.
13
Let d = -38 + 193. What are the prime factors of d?
5, 31
Let o = -39 + 76. Let r = -21 + o. Suppose -2*k + 4 = -2*l + r, 0 = 5*k. List the prime factors of l.
2, 3
Let a(i) = -4*i - 3 + 6 - 2*i + i**2. Let u be a(5). List the prime factors of (-1)/(u/(-1 + 23)).
11
Suppose -z - 20 = -6*z. Suppose -12 = -h + q + q, 4*h + z*q = 12. List the prime factors of ((-4)/(-6))/(h/45).
5
Suppose 15 = -0*n + 3*n. Let k be 0/2 + 2 - 0. Suppose 0 = k*t + o - 9 - n, t - 2*o = -3. List the prime factors of t.
5
Let i(q) = q**3 + 6*q**2 + 5*q - 3. What are the prime factors of i(-4)?
3
List the prime factors of 3*(-1)/(-6)*60.
2, 3, 5
Suppose -k + 2*o + 8 = -4*k, -1 = k + o. Let r(n) = -n**2 - 7*n + 6. What are the prime factors of r(k)?
2, 3
Let s = -3 + 2. Let n(o) = -13*o**3 - o**2 - 7*o - 7. Let b(a) = 13*a**3 + a**2 + 6*a + 6. Let j(m) = -6*b(m) - 5*n(m). What are the prime factors of j(s)?
2, 3
Let z(g) = g**3 + 7*g**2 + 6*g + 5. Let w be z(-6). Suppose 0 = 3*d - h - 33, -d = h - w*h. What are the prime factors of 5/15*1*d?
2
What are the prime factors of (64/(-20))/(-2 + (-8)/(-5))?
2
Let d(m) = -m + 10. List the prime factors of d(-12).
2, 11
Suppose 5*t - 9 = 2*t. Suppose -q = 5, 2*q - 60 = 5*o + t*q. Let m = o + 23. List the prime factors of m.
2, 3
Let f = -10 + 7. Let m be -2*(-20)/((-3)/f). Suppose c - m = -4*c. List the prime factors of c.
2
Let a(v) = -v**3 - 12*v**2 + 12*v + 8. List the prime factors of a(-13).
3, 7
Suppose -4*d - d - 3*m = 3, 0 = -5*d + 5*m + 5. Let b be 2 + -1 + d + 4. Suppose -69 = -b*r + 1. What are the prime factors of r?
2, 7
Let r = 76 + 28. Suppose 0*s = -2*s + 24. List the prime factors of (r/s)/((-4)/(-6)).
13
Let u = 3 - -1. Suppose g = 6*g + 2*q + 6, u*q = -g + 6. List the prime factors of (-5 - 5)*g/4.
5
Let o(j) = 25*j - 2. What are the prime factors of o(2)?
2, 3
Let m(l) = l**2 - l - 9. Let s be m(-8). What are the prime factors of 6/9*s/6?
7
Let i = -40 - -79. List the prime factors of i.
3, 13
Let l(u) = 2*u + 2. Let b(x) = -x - 1. Let h(y) = -4*b(y) - 3*l(y). What are the prime factors of h(-2)?
2
Let z(t) = 2*t + 2*t - 3*t. Let o be z(-1). List the prime factors of 8*(0 + o)*-1.
2
Let j be (36 + -2 - -2) + 0. Let z = j - 14. What are the prime factors of z?
2, 11
Let a be 51 + 1 + (4 - 4). Let h be (-3)/(2/(a/(-3))). Suppose 5*i + h - 96 = 0. What are the prime factors of i?
2, 7
Suppose 0 = 4*d - 11 - 21. What are the prime factors of d?
2
Let l(c) = c**3 + 5*c**2 - 6*c - 2. Suppose 4*y - 3*y + 5*d = 19, -3*y + 7 = 5*d. Let q be l(y). Let o = q - -13. What are the prime factors of o?
11
Suppose -t - t - 4 = 0. List the prime factors of (-1 - -2)/(t/(-48)).
2, 3
What are the prime factors of (-26)/(5/(-2)*8/10)?
13
Suppose 125 = 33*c - 32*c. What are the prime factors of c?
5
Let i(a) = 2*a - 3. Let t(u) = -2*u + 2. Suppose -2*q + 0*c + 2 = 2*c, 0 = -5*c + 20. Let w(k) = q*t(k) - 2*i(k). List the prime factors of w(10).
2, 5
Let h = -28 + 47. What are the prime factors of h?
19
Let g be (-176)/18 + (-8)/36. List the prime factors of (3/(-2))/(1